{"id":853,"date":"2023-04-04T11:06:11","date_gmt":"2023-04-04T11:06:11","guid":{"rendered":"https:\/\/retepunticardinali.it\/deskcomunemartano\/?page_id=853"},"modified":"2023-04-04T12:31:57","modified_gmt":"2023-04-04T12:31:57","slug":"operatori","status":"publish","type":"page","link":"https:\/\/edizione2023.retepunticardinali.it\/deskcomunemartano\/operatori\/","title":{"rendered":"Operatori"},"content":{"rendered":"\n<style id=\"team_free_dynamic_css851\">#sptp-851 .sptp-list .sptp-row{margin-right:-24px;}#sptp-851 .sptp-member.sptp-list-item{border:0px none #ddd;border-radius:0px;background-color:transparent;margin-left:0;margin-right:24px;margin-bottom:24px;}#sptp-851 .sptp-member.sptp-list-item:hover{border-color:#444;}#sptp-851 .sptp-member-avatar-img{border:0px none ;background-color:#FFFFFF;}#sptp-851 .sptp-member-avatar-img:hover{}#sptp-851 .sptp-section-title{margin-bottom:25px;}#sptp-851 .sptp-section-title span{color:#333333;}#sptp-851 .sptp-member-name .sptp-member-name-title{color:#333333;}#sptp-851 .sptp-member-profession .sptp-jop-title{color:#333333;}#sptp-851 .sptp-member-desc{color:#333333;}#sptp-851 .sptp-member-social{text-align:left;}#sptp-851 .sptp-member-social ul{text-align:left;}#sptp-851 .sptp-member-social li{margin: 0 0 0 0 ;}#sptp-851 .swiper-wrapper.left_img_right_content{margin-left:24px;}#sptp-851 .left_img_right_content .image{width:auto;}#sptp-851 .border-bg-around-member:not(.sptp-content-on-image){border:0px none #ddd;border-radius:0px;background-color:transparent;}#sptp-851 .border-bg-around-member:not(.sptp-content-on-image):hover{border-color:#444;}#sptp-851 .sp-team-item .sptp-member{margin:12px 12px;}<\/style><div id=\"sptp-851\" class=\"sp-team sptp-section sptp-new_page\">\n\t<h2 class=\"sptp-section-title\">\n\t\t\t<span>Elenco Referenti<\/span>\n\t<\/h2>\n\t\t<div class=\"sptp-list left_img_right_content\">\n\t\t\t\t<div class=\"sptp-page-loading-image\"><\/div>\n\t\t\t<div class=\"sptp-row\">\n\t\t\t\t\t\t\t\t\t<div class=\"sptp-col-lg-1 sptp-col-md-1 sptp-col-sm-1 sptp-col-xs-1\">\n\t\t\t\t\t\t<div class=\"sptp-member border-bg-around-member sptp-list-item\">\n\t<div class=\" image\"><a class='sptp-member-avatar' href=\"https:\/\/edizione2023.retepunticardinali.it\/deskcomunemartano\/team\/davide-bufano\/\" target=\"_blank\">\n\t<span class=\"sptp-member-avatar-img sptp-square none\">\n\t\t<img loading=\"lazy\" decoding=\"async\" src=\"https:\/\/edizione2023.retepunticardinali.it\/deskcomunemartano\/wp-content\/uploads\/sites\/14\/2023\/06\/davide-bufano.png\" alt=\"Elenco Referenti\" width=\"224\" height=\"229\">\n\t<\/span>\n<\/a>\n<\/div><div class=\"content sptp-square\"><div class=\"sptp-member-name\">\n\t\t<h2 class='sptp-member-name-title'>Davide Bufano<\/h2>\n\t<\/div>\n<div class=\"sptp-member-profession\">\n\t\t\t<h4 class=\"sptp-jop-title\">Referente Desk Martano<\/h4>\n\t<\/div>\n<div class=\"sptp-member-desc\">\n\t\tMi chiamo Davide Bufano, ho 39 anni e sono residente a Martano in provincia di Lecce. \r\nSono laureato in scienze della politica presso l\u2019universit\u00e0 del Salento e ho conseguito un master A08 per l\u2019insegnamento delle materie filosofiche e umanistiche negli istituti secondari di secondo grado. \r\nMi piace tutto ci\u00f2 che ha a che fare con l\u2019aspetto comunicativo e svolgere attivit\u00e0 di consulenza e tutoraggio. Il contatto umano con la gente per me \u00e8 fondamentale perch\u00e9 mi consente di arricchire me stesso e nello stesso tempo capire pi\u00f9 facilmente le problematiche di ognuno. \r\nL\u2019attivit\u00e0 che sto svolgendo tuttora presso lo sportello \u201cOrientation desk\u201d di Martano in seno al progetto Punti cardinali, \u00e8 in linea con le mie aspirazioni dal momento che mi piace e mi stimola fare rete sia con gli altri operatori che mettere a punto iniziative idonee a far crescere il territorio e dare un supporto a chi vuol trovare lavoro. \r\nMi piace inoltre aiutare i pi\u00f9 giovani, studenti o ragazzi che hanno idee poco chiare riguardo i propri obiettivi sia scolastici che professionali. Ritengo fondamentale riuscire a dare loro una spinta e una carica motivazionale che permetta loro di avere un focus pi\u00f9 chiaro sulle loro esigenze.\r\nConcludo con una frase del campione di basket Michael Jordan: \u201cIl talento fa vincere le partite, ma l\u2019intelligenza e il lavoro di squadra fanno vincere i campionati\u201d.<\/div>\n<\/div><\/div><!-- .sptp-member -->\n\t\t\t\t\t<\/div>\n\t\t\t\t\t\t\t\t\t\t<div class=\"sptp-col-lg-1 sptp-col-md-1 sptp-col-sm-1 sptp-col-xs-1\">\n\t\t\t\t\t\t<div class=\"sptp-member border-bg-around-member sptp-list-item\">\n\t<div class=\" image\"><a class='sptp-member-avatar' href=\"https:\/\/edizione2023.retepunticardinali.it\/deskcomunemartano\/team\/carla-calo\/\" target=\"_blank\">\n\t<span class=\"sptp-member-avatar-img sptp-square none\">\n\t\t<img loading=\"lazy\" decoding=\"async\" src=\"https:\/\/edizione2023.retepunticardinali.it\/deskcomunemartano\/wp-content\/uploads\/sites\/14\/2023\/06\/carla_calo-184x300.jpg\" alt=\"Elenco Referenti\" width=\"184\" height=\"300\">\n\t<\/span>\n<\/a>\n<\/div><div class=\"content sptp-square\"><div class=\"sptp-member-name\">\n\t\t<h2 class='sptp-member-name-title'>Carla Cal\u00f2<\/h2>\n\t<\/div>\n<div class=\"sptp-member-profession\">\n\t\t\t<h4 class=\"sptp-jop-title\">Referente Desk Martano<\/h4>\n\t<\/div>\n<div class=\"sptp-member-desc\">\n\t\tSono Carla Cal\u00f2, laureata in Conservazione dei Beni Culturali e perfezionata in Storia Regionale Pugliese. Nel corso degli anni ho maturato un\u2019esperienza ventennale nella rivalutazione dei beni artistici, storici e paesaggistici del territorio locale attraverso la ricerca, lo studio e la divulgazione. Amo il grico, lingua passata e ricca di melodia, e la grecit\u00e0 del mio Salento con la cultura e le tradizioni che questa antica civilt\u00e0 ha portato sino a noi. Sono piena di risorse, analitica e riesco a risolvere qualsiasi situazione. Sono contenta di lavorare in un team e dare il mio contributo affinch\u00e9 si possano ottenere tutti insieme dei risultati soddisfacenti. Mi piace l\u2019accuratezza dei dettagli, l\u2019intraprendenza di chi opera nella propria attivit\u00e0 anche per la crescita altrui e l\u2019educazione alla vita. \r\nL\u2019attivit\u00e0 che svolgo nell\u2019Orientation desk di Martano per il progetto Punti cardinali mi permette di ripartire le diverse realt\u00e0 del territorio evidenziandone le risorse e le mancanze, di dare sostegno a chi vuole intraprendere una professione e indicazioni a chi \u00e8 in cerca di un lavoro, ma con la determinazione di mettere a punto idee pensate e riportate per far crescere la nostra terra.<\/div>\n<\/div><\/div><!-- .sptp-member -->\n\t\t\t\t\t<\/div>\n\t\t\t\t\t\t\t\t<\/div>\n\t\t<\/div>\n\t<\/div>\n\n\n\n\n<div style=\"height:70px\" aria-hidden=\"true\" class=\"wp-block-spacer\"><\/div>\n","protected":false},"excerpt":{"rendered":"","protected":false},"author":1,"featured_media":0,"parent":0,"menu_order":19,"comment_status":"closed","ping_status":"closed","template":"","meta":{"footnotes":""},"acf":[],"_links":{"self":[{"href":"https:\/\/edizione2023.retepunticardinali.it\/deskcomunemartano\/wp-json\/wp\/v2\/pages\/853"}],"collection":[{"href":"https:\/\/edizione2023.retepunticardinali.it\/deskcomunemartano\/wp-json\/wp\/v2\/pages"}],"about":[{"href":"https:\/\/edizione2023.retepunticardinali.it\/deskcomunemartano\/wp-json\/wp\/v2\/types\/page"}],"author":[{"embeddable":true,"href":"https:\/\/edizione2023.retepunticardinali.it\/deskcomunemartano\/wp-json\/wp\/v2\/users\/1"}],"replies":[{"embeddable":true,"href":"https:\/\/edizione2023.retepunticardinali.it\/deskcomunemartano\/wp-json\/wp\/v2\/comments?post=853"}],"version-history":[{"count":3,"href":"https:\/\/edizione2023.retepunticardinali.it\/deskcomunemartano\/wp-json\/wp\/v2\/pages\/853\/revisions"}],"predecessor-version":[{"id":856,"href":"https:\/\/edizione2023.retepunticardinali.it\/deskcomunemartano\/wp-json\/wp\/v2\/pages\/853\/revisions\/856"}],"wp:attachment":[{"href":"https:\/\/edizione2023.retepunticardinali.it\/deskcomunemartano\/wp-json\/wp\/v2\/media?parent=853"}],"curies":[{"name":"wp","href":"https:\/\/api.w.org\/{rel}","templated":true}]}}